eds digit of 20549035?
0
What is the thousands digit of 47562?
7
What is the units digit of 5324945?
5
What is the hundred thousands digit of 331714?
3
What is the units digit of 14733887?
7
What is the units digit of 191036?
6
What is the millions digit of 1680178?
1
What is the units digit of 162587?
7
What is the units digit of 133075?
5
What is the units digit of 760880?
0
What is the units digit of 5999054?
4
What is the thousands digit of 3867540?
7
What is the tens digit of 3335808?
0
What is the hundred thousands digit of 26436015?
4
What is the hundred thousands digit of 3685292?
6
What is the thousands digit of 189547?
9
What is the tens digit of 4442888?
8
What is the tens digit of 66304?
0
What is the ten thousands digit of 672011?
7
What is the ten millions digit of 19647693?
1
What is the hundreds digit of 933011?
0
What is the tens digit of 148701?
0
What is the ten thousands digit of 1230294?
3
What is the hundred thousands digit of 2052211?
0
What is the hundreds digit of 193815?
8
What is the tens digit of 168096?
9
What is the hundred thousands digit of 429021?
4
What is the ten thousands digit of 289681?
8
What is the hundred thousands digit of 304341?
3
What is the hundreds digit of 36879822?
8
What is the thousands digit of 17845618?
5
What is the millions digit of 4198444?
4
What is the units digit of 1799802?
2
What is the thousands digit of 283423?
3
What is the hundred thousands digit of 15621494?
6
What is the tens digit of 751106?
0
What is the units digit of 2024392?
2
What is the hundred thousands digit of 4398298?
3
What is the thousands digit of 135111?
5
What is the thousands digit of 10182855?
2
What is the ten thousands digit of 626861?
2
What is the ten thousands digit of 594474?
9
What is the units digit of 1597456?
6
What is the thousands digit of 51544?
1
What is the hundreds digit of 430769?
7
What is the ten thousands digit of 3406660?
0
What is the thousands digit of 49208?
9
What is the ten thousands digit of 34397895?
9
What is the thousands digit of 439627?
9
What is the ten millions digit of 11339325?
1
What is the hundreds digit of 4074044?
0
What is the tens digit of 150815?
1
What is the hundreds digit of 430001?
0
What is the tens digit of 4335292?
9
What is the units digit of 4363063?
3
What is the hundreds digit of 35664997?
9
What is the ten thousands digit of 20668966?
6
What is the hundreds digit of 171621?
6
What is the tens digit of 58737?
3
What is the ten thousands digit of 1156894?
5
What is the hundred thousands digit of 253520?
2
What is the units digit of 348876?
6
What is the ten millions digit of 14449899?
1
What is the hundred thousands digit of 9195692?
1
What is the millions digit of 2616383?
2
What is the thousands digit of 1027362?
7
What is the hundreds digit of 2115252?
2
What is the hundreds digit of 307679?
6
What is the hundreds digit of 196468?
4
What is the hundreds digit of 561150?
1
What is the ten thousands digit of 57570?
5
What is the hundred thousands digit of 6219122?
2
What is the millions digit of 15103306?
5
What is the units digit of 332450?
0
What is the thousands digit of 649982?
9
What is the millions digit of 36999072?
6
What is the thousands digit of 418718?
8
What is the thousands digit of 16680024?
0
What is the hundreds digit of 754579?
5
What is the thousands digit of 1003439?
3
What is the millions digit of 3868652?
3
What is the millions digit of 1528209?
1
What is the ten thousands digit of 2950092?
5
What is the tens digit of 6887094?
9
What is the millions digit of 1325624?
1
What is the units digit of 12055735?
5
What is the hundreds digit of 530090?
0
What is the thousands digit of 89060?
9
What is the hundred thousands digit of 762535?
7
What is the thousands digit of 53507?
3
What is the thousands digit of 241740?
1
What is the ten thousands digit of 457137?
5
What is the ten thousands digit of 159578?
5
What is the hundred thousands digit of 1309602?
3
What is the ten millions digit of 23646466?
2
What is the units digit of 469484?
4
What is the tens digit of 1760455?
5
What is the ten millions digit of 29698916?
2
What is the hundreds digit of 205814?
8
What is the units digit of 1513624?
4
What is the hundred thousands digit of 129199?
1
What is the hundreds digit of 29017?
0
What is the hundreds digit of 344124?
1
What is the units digit of 3452?
2
What is the hundreds digit of 1825209?
2
What is the thousands digit of 421249?
1
What is the hundreds digit of 1986915?
9
What is the ten thousands digit of 7978333?
7
What is the ten thousands digit of 11636817?
3
What is the tens digit of 1631896?
9
What is the units digit of 472698?
8
What is the tens digit of 630624?
2
What is the thousands digit of 17215374?
5
What is the thousands digit of 16083899?
3
What is the ten thousands digit of 16072?
1
What is the tens digit of 528441?
4
What is the tens digit of 16166113?
1
What is the hundreds digit of 209112?
1
What is the hundred thousands digit of 4765865?
7
What is the ten thousands digit of 13286628?
8
What is the tens digit of 22852968?
6
What is the units digit of 699259?
9
What is the tens digit of 5444592?
9
What is the ten thousands digit of 1145417?
4
What is the ten millions digit of 22614377?
2
What is the units digit of 8659008?
8
What is the units digit of 21027896?
6
What is the units digit of 64657?
7
What is the hundreds digit of 542687?
6
What is the millions digit of 1136708?
1
What is the ten thousands digit of 280120?
8
What is the hundreds digit of 233079?
0
What is the hundreds digit of 346884?
8
What is the hundred thousands digit of 3015924?
0
What is the ten thousands digit of 1950582?
5
What is the thousands digit of 119791?
9
What is the ten thousands digit of 20758293?
5
What is the hundred thousands digit of 2092366?
0
What is the units digit of 3019857?
7
What is the thousands digit of 332480?
2
What is the ten thousands digit of 3764583?
6
What is the units digit of 3161528?
8
What is the tens digit of 1554625?
2
What is the hundreds digit of 5135093?
0
What is the hundreds digit of 174537?
5
What is the units digit of 7168?
8
What is the thousands digit of 9248225?
8
What is the ten millions digit of 26790886?
2
What is the hundred thousands digit of 282619?
2
What is the tens digit of 5019352?
5
What is the ten thousands digit of 1038145?
3
What is the ten thousands digit of 1521057?
2
What is the tens digit of 3061266?
6
What is the thousands digit of 1677894?
7
What is the thousands digit of 239638?
9
What is the hundreds digit of 302967?
9
What is the units digit of 153327?
7
What is the thousands digit of 93109?
3
What is the ten thousands digit of 851528?
5
What is the hundreds digit of 11177237?
2
What is the hundred thousands digit of 23371438?
3
What is the ten millions digit of 17924854?
1
What is the ten thousands digit of 3514696?
1
What is the hundred thousands digit of 33845767?
8
What is the ten millions digit of 21459614?
2
What is the units digit of 613166?
6
What is the hundreds digit of 834963?
9
What is the hundreds digit of 1676281?
2
What is the thousands digit of 6751311?
1
What is the thousands digit of 37369927?
9
What is the tens digit of 778900?
0
What is the ten millions digit of 12567017?
1
What is the thousands digit of 1337620?
7
What is the ten thousands digit of 1560809?
6
What is the units digit of 422769?
9
What is the units digit of 220470?
0
What is the hundreds digit of 1114480?
4
What is the hundred thousands digit of 168251?
1
What is the units digit of 30967?
7
What is the hundred thousands digit of 221162?
2
What is the hundred thousands digit of 258440?
2
What is the units digit of 12281950?
0
What is the units digit of 808947?
7
What is the millions digit of 15086983?
5
What is the tens digit of 65946?
4
What is the hundreds digit of 191473?
4
What is the thousands digit of 411508?
1
What is the thousands digit of 384796?
4
What is the thousands digit of 1632948?
2
What is the ten thousands digit of 304483?
0
What is the hundred thousands digit of 1761831?
7
What is the ten thousands digit of 221522?
2
What is the thousands digit of 10649862?
9
What is the hundred thousands digit of 1154375?
1
What is the hundreds digit of 29974227?
2
What is the units digit 